, 7, 19, 5113
What are the prime factors of 1443999?
3, 37, 13009
List the prime factors of 19832181.
3, 19, 347933
What are the prime factors of 1683560?
2, 5, 42089
List the prime factors of 1622266.
2, 443, 1831
List the prime factors of 283037.
383, 739
List the prime factors of 212278.
2, 11, 9649
What are the prime factors of 3304794?
2, 3, 127, 4337
List the prime factors of 234953.
47, 4999
What are the prime factors of 5358026?
2, 17, 59, 2671
What are the prime factors of 1019331?
3, 19, 1987
List the prime factors of 862616.
2, 107827
List the prime factors of 224686.
2, 7, 11, 1459
What are the prime factors of 33158?
2, 59, 281
What are the prime factors of 241034?
2, 19, 6343
What are the prime factors of 345954?
2, 3, 7, 8237
What are the prime factors of 814430?
2, 5, 23, 3541
List the prime factors of 931767.
3, 31, 43, 233
List the prime factors of 138491.
19, 37, 197
List the prime factors of 514918.
2, 257459
List the prime factors of 254743.
269, 947
List the prime factors of 122074.
2, 67, 911
What are the prime factors of 1545523?
7, 220789
List the prime factors of 10093197.
3, 31, 108529
List the prime factors of 10039926.
2, 3, 13, 128717
List the prime factors of 8352971.
11, 41, 18521
List the prime factors of 21083188.
2, 7, 53, 14207
List the prime factors of 4723591.
4723591
What are the prime factors of 51806?
2, 25903
List the prime factors of 157826.
2, 23, 47, 73
What are the prime factors of 699308?
2, 79, 2213
List the prime factors of 12090570.
2, 3, 5, 17, 151, 157
What are the prime factors of 343414?
2, 171707
What are the prime factors of 283122?
2, 3, 7, 107
List the prime factors of 8613107.
8613107
List the prime factors of 5879185.
5, 13, 151, 599
What are the prime factors of 377327?
377327
What are the prime factors of 7258688?
2, 113417
What are the prime factors of 4607314?
2, 23, 37, 2707
What are the prime factors of 241021?
11, 21911
What are the prime factors of 6926768?
2, 432923
What are the prime factors of 3889573?
113, 34421
List the prime factors of 1102250.
2, 5, 4409
List the prime factors of 4124953.
7, 31, 19009
What are the prime factors of 27398438?
2, 1193, 11483
List the prime factors of 232242.
2, 3, 38707
What are the prime factors of 5180351?
11, 470941
List the prime factors of 612658.
2, 306329
What are the prime factors of 6690625?
5, 2141
What are the prime factors of 1064334?
2, 3, 179, 991
List the prime factors of 432209.
79, 5471
What are the prime factors of 4860233?
7, 694319
What are the prime factors of 1321169?
1321169
List the prime factors of 397849.
397849
List the prime factors of 892650.
2, 3, 5, 11, 541
What are the prime factors of 375705?
3, 5, 11, 23
List the prime factors of 18541517.
59, 314263
What are the prime factors of 114631?
11, 17, 613
What are the prime factors of 2573004?
2, 3, 7, 30631
What are the prime factors of 40177369?
563, 71363
List the prime factors of 28991774.
2, 7, 59, 35099
What are the prime factors of 2025313?
317, 6389
What are the prime factors of 2291403?
3, 763801
List the prime factors of 16571886.
2, 3, 2761981
List the prime factors of 1966051.
31, 63421
List the prime factors of 1121606.
2, 560803
List the prime factors of 309412.
2, 103, 751
List the prime factors of 4737863.
13, 364451
What are the prime factors of 91057?
23, 37, 107
What are the prime factors of 654044?
2, 113, 1447
What are the prime factors of 81303?
3, 41, 661
What are the prime factors of 1215726?
2, 3, 202621
What are the prime factors of 1945235?
5, 389047
List the prime factors of 702833.
53, 89, 149
List the prime factors of 19663689.
3, 19, 23, 53, 283
List the prime factors of 1522065.
3, 5, 29, 3499
List the prime factors of 3241525.
5, 7, 18523
List the prime factors of 7387774.
2, 727, 5081
What are the prime factors of 25548015?
3, 5, 383, 4447
What are the prime factors of 270456?
2, 3, 59, 191
List the prime factors of 8308194.
2, 3, 1384699
List the prime factors of 8207818.
2, 229, 17921
What are the prime factors of 269855?
5, 31, 1741
What are the prime factors of 165284?
2, 7, 5903
List the prime factors of 2800750.
2, 5, 17, 659
What are the prime factors of 10304781?
3, 3434927
What are the prime factors of 371216?
2, 23201
List the prime factors of 5577649.
7, 11, 17, 4261
List the prime factors of 129088.
2, 2017
What are the prime factors of 50450?
2, 5, 1009
What are the prime factors of 173365?
5, 34673
List the prime factors of 2433198.
2, 3, 43, 9431
List the prime factors of 486712.
2, 83, 733
List the prime factors of 1225653.
3, 11, 13, 2857
What are the prime factors of 10050512?
2, 157, 4001
List the prime factors of 41488.
2, 2593
List the prime factors of 1060259.
79, 13421
List the prime factors of 373247.
7, 71, 751
List the prime factors of 510634.
2, 199, 1283
What are the prime factors of 687088?
2, 42943
What are the prime factors of 2572419?
3, 83, 10331
List the prime factors of 9341670.
2, 3, 5, 13, 17, 1409
What are the prime factors of 251393?
251393
List the prime factors of 410024.
2, 107, 479
List the prime factors of 5189.
5189
List the prime factors of 84544.
2, 1321
List the prime factors of 229789.
7, 17, 1931
List the prime factors of 1755064.
2, 79, 2777
List the prime factors of 8207005.
5, 17, 96553
List the prime factors of 1574200.
2, 5, 17, 463
What are the prime factors of 87868?
2, 11, 1997
List the prime factors of 235632.
2, 3, 4909
What are the prime factors of 331846?
2, 277, 599
What are the prime factors of 1887605?
5, 377521
List the prime factors of 1350888.
2, 3, 7, 11, 17, 43
List the prime factors of 2191466.
2, 1095733
What are the prime factors of 15686747?
251, 62497
List the prime factors of 1596520.
2, 5, 167, 239
List the prime factors of 784022.
2, 392011
List the prime factors of 1651008.
2, 3, 8599
List the prime factors of 5177960.
2, 5, 129449
List the prime factors of 2224426.
2, 61, 18233
List the prime factors of 3332810.
2, 5, 13, 31, 827
What are the prime factors of 4266465?
3, 5, 7, 179, 227
What are the prime factors of 1083100?
2, 5, 10831
What are the prime factors of 1029086?
2, 514543
List the prime factors of 1398560.
2, 5, 8741
What are the prime factors of 1520762?
2, 181, 4201
List the prime factors of 2156401.
13, 165877
List the prime factors of 421735.
5, 84347
List the prime factors of 1872563.
7, 11, 83, 293
What are the prime factors of 777308?
2, 7, 17, 23, 71
What are the prime factors of 52111?
31, 41
List the prime factors of 269867.
13, 20759
What are the prime factors of 1960254?
2, 3, 31, 1171
What are the prime factors of 450891?
3, 7, 17, 421
What are the prime factors of 27493108?
2, 6873277
What are the prime factors of 1624367?
17, 19, 47, 107
List the prime factors of 3944347.
11, 31, 43, 269
List the prime factors of 143334.
2, 3, 7963
List the prime factors of 3273436.
2, 818359
What are the prime factors of 4556656?
2, 13, 19, 1153
List the prime factors of 4109962.
2, 23, 47, 1901
List the prime factors of 15275.
5, 13, 47
What are the prime factors of 366311?
11, 33301
What are the prime factors of 2808458?
2, 1404229
List the prime factors of 3985337.
3985337
List the prime factors of 1393936.
2, 87121
What are the prime factors of 722933?
722933
List the prime factors of 1524756.
2, 3, 61, 2083
List the prime factors of 273807.
3, 10141
What are the prime factors of 10285108?
2, 2571277
List the prime factors of 19823659.
19823659
What are the prime factors of 24773260?
2, 5, 53, 23371
List the prime factors of 4543081.
31, 101, 1451
List the prime factors of 764327.
764327
List the prime factors of 197186.
2, 11, 8963
What are the prime factors of 693697?
693697
What are the prime factors of 427264?
2, 1669
List the prime factors of 217242.
2, 3, 149
List the prime factors of 6763731.
3, 13, 173429
List the prime factors of 308983.
59, 5237
What are the prime factors of 3856472?
2, 197, 2447
What are the prime factors of 11093925?
3, 5, 147919
List the prime factors of 787666.
2, 11, 35803
List the prime factors of 28026.
2, 3, 173
List the prime factors of 993008.
2, 53, 1171
What are the prime factors of 22494?
2, 3, 23, 163
List the prime factors of 110084.
2, 13, 29, 73
What are the prime factors of 2329635?
3, 